{"id":83,"date":"2020-10-14T09:28:41","date_gmt":"2020-10-14T07:28:41","guid":{"rendered":"https:\/\/milaseda.es\/index.php\/project\/"},"modified":"2024-04-29T18:21:24","modified_gmt":"2024-04-29T16:21:24","slug":"project","status":"publish","type":"page","link":"https:\/\/milaseda.es\/index.php\/project\/","title":{"rendered":"Project"},"content":{"rendered":"\t\t<div data-elementor-type=\"wp-page\" data-elementor-id=\"83\" class=\"elementor elementor-83\" data-elementor-post-type=\"page\">\n\t\t\t\t\t\t<section class=\"elementor-section elementor-top-section elementor-element elementor-element-ff2314c elementor-section-boxed elementor-section-height-default elementor-section-height-default\" data-id=\"ff2314c\" data-element_type=\"section\">\n\t\t\t\t\t\t<div class=\"elementor-container elementor-column-gap-no\">\n\t\t\t\t\t<div class=\"aux-parallax-section elementor-column elementor-col-100 elementor-top-column elementor-element elementor-element-21a1a3f\" data-id=\"21a1a3f\" data-element_type=\"column\">\n\t\t\t<div class=\"elementor-widget-wrap elementor-element-populated\">\n\t\t\t\t\t\t<div class=\"elementor-element elementor-element-e42a5b7 aux-appear-watch-animation aux-fade-in-up elementor-widget elementor-widget-aux_modern_heading\" data-id=\"e42a5b7\" data-element_type=\"widget\" data-widget_type=\"aux_modern_heading.default\">\n\t\t\t\t<div class=\"elementor-widget-container\">\n\t\t\t\t\t<section class=\"aux-widget-modern-heading\">\n            <div class=\"aux-widget-inner\"><h5 class=\"aux-modern-heading-primary\">Trabajos<\/h5><h2 class=\"aux-modern-heading-secondary\"><span class=\"aux-head-before\">Nuestros \u00daltimos Proyectos<\/span><\/h2><\/div>\n        <\/section>\t\t\t\t<\/div>\n\t\t\t\t<\/div>\n\t\t\t\t\t<\/div>\n\t\t<\/div>\n\t\t\t\t\t<\/div>\n\t\t<\/section>\n\t\t\t\t<\/div>\n\t\t","protected":false},"excerpt":{"rendered":"<p>Trabajos Nuestros \u00daltimos Proyectos All Architucture Construction Factory Interior Insonorizaci\u00f3n ConstructionInterior Read More Reforma de Valla ArchituctureConstruction Read More Construcci\u00f3n de Chalets FactoryInterior Read More Cambio de Suelo ConstructionInterior Read More Mejora y Mantenimiento de Piscinas ArchituctureFactory Read More Impermeabilizaci\u00f3n Profesional del Tejado Architucture Read More<\/p>\n","protected":false},"author":1,"featured_media":0,"parent":0,"menu_order":0,"comment_status":"closed","ping_status":"closed","template":"templates\/page-builder-content.php","meta":{"footnotes":""},"_links":{"self":[{"href":"https:\/\/milaseda.es\/index.php\/wp-json\/wp\/v2\/pages\/83"}],"collection":[{"href":"https:\/\/milaseda.es\/index.php\/wp-json\/wp\/v2\/pages"}],"about":[{"href":"https:\/\/milaseda.es\/index.php\/wp-json\/wp\/v2\/types\/page"}],"author":[{"embeddable":true,"href":"https:\/\/milaseda.es\/index.php\/wp-json\/wp\/v2\/users\/1"}],"replies":[{"embeddable":true,"href":"https:\/\/milaseda.es\/index.php\/wp-json\/wp\/v2\/comments?post=83"}],"version-history":[{"count":7,"href":"https:\/\/milaseda.es\/index.php\/wp-json\/wp\/v2\/pages\/83\/revisions"}],"predecessor-version":[{"id":396,"href":"https:\/\/milaseda.es\/index.php\/wp-json\/wp\/v2\/pages\/83\/revisions\/396"}],"wp:attachment":[{"href":"https:\/\/milaseda.es\/index.php\/wp-json\/wp\/v2\/media?parent=83"}],"curies":[{"name":"wp","href":"https:\/\/api.w.org\/{rel}","templated":true}]}}